 Let b = v + 8. Is 19/(-2)*(-6)/b a prime number?
True
Let y = -43338 - -90521. Is y prime?
False
Let v be (-3)/(15/12 - 1). Is (-3902)/v - 4/24 - 2 composite?
True
Let j(m) = 465*m**2 + 18*m + 54. Is j(-5) composite?
True
Let p be ((-14)/6)/(1316/(-1314) - -1). Suppose -g + p - 172 = 0. Is g prime?
True
Suppose -11*b - 3*b = -28238. Is b a prime number?
True
Suppose 2*g - 9096 = 2*k + 710, -5*g + 3*k + 24515 = 0. Is g a composite number?
False
Is (17/(-10) + (-30)/(-20))*-40345 a prime number?
True
Is 214394/22 + (-2 - 120/(-66)) composite?
True
Suppose 0 = -8*q + 79906 + 36006. Is q a composite number?
False
Let h be -3*(-4 + 5 - 2). Suppose -3*w + 18 = -d - 2*d, 0 = h*w - 4*d - 13. Suppose -10*s - 83 = -w*s. Is s composite?
False
Let q(j) be the second derivative of j**5/5 + j**4/4 - 2*j**3/3 + 5*j**2 - 3*j. Is q(5) composite?
True
Let s(o) be the second derivative of -3*o**2 + 1/10*o**5 + 1/4*o**4 + 6*o + 0 + 1/3*o**3. Is s(5) a composite number?
True
Suppose -45 = -4*y - 5. Suppose 5*h = -0*h + y. Is ((-87)/(-6) - -1)*h composite?
False
Let y be 8/4 + 123 + 1. Suppose 5*d + 494 = -y. Let s = -89 - d. Is s a prime number?
False
Let a(q) = q + 2. Let n be a(4). Suppose -n = 2*o - 16. Is (-146)/(-1) + -2 + o prime?
True
Let i be (0 - -1)*(5 + -2). Suppose 4*b - 25 = -17. Suppose -1033 = -5*g + b*a, -i*g - 5*a + 346 + 249 = 0. Is g composite?
True
Suppose -2*j + 28 = -4*z + 8*z, z = -5*j + 25. Suppose -667 = -3*l + b, -4*l = -l - z*b - 659. Is l composite?
False
Let s(u) = 478*u**2 + 5 + 0 - 4. Is s(1) composite?
False
Let u(h) = -20673*h**3 + h**2 + 2*h - 1. Is u(-1) a composite number?
True
Suppose -2*x = g - 1359, 0 = 4*g - 5*x + x - 5484. Is g a composite number?
False
Let f = 18087 - 9500. Is f a composite number?
True
Let k = 1 + -299. Suppose 168 + 19 = -y. Let c = y - k. Is c composite?
True
Suppose -8*p - 3368 = -10*p. Let x = 2415 - p. Is x a composite number?
True
Let i = -5976 + 15089. Is i prime?
False
Let s(m) = 65*m**2 - 166*m + 65. Is s(-34) composite?
False
Suppose c = k + 4, -4*c = -k - 2*c - 8. Suppose -2*t = -2*p - 1580, p - 2*p - 3 = k. Is t prime?
True
Suppose 168405 = -24*r + 639789. Is r a prime number?
False
Suppose -5*s - 6411 - 12339 = 0. Let a = -2673 - s. Is a composite?
True
Suppose 34*s - 111230 = 525216. Is s composite?
False
Let z = -89 - -75. Is (7/z)/((-1)/3566) a composite number?
False
Suppose 0 = -11*r + 16*r - 220. Let v = r - -49. Is v prime?
False
Let m(v) = -v**2 - 11*v - 23. Let t be m(-7). Suppose -4*j + 3161 = t*y, j - 8 = -j. Is y composite?
True
Let r(h) = -3900*h**3 - 4*h**2 + 2*h + 5. Is r(-1) composite?
True
Is 5 + 0/1 - 118*-57 prime?
False
Let c(s) = -79*s**3 - s**2 + s + 1. Let f be c(-1). Suppose 2*y = 34 + f. Let z = 53 + y. Is z prime?
True
Let q(j) = 149*j + 4. Let g be q(4). Let p = -357 + g. Suppose -2*i - 77 = -p. Is i composite?
False
Let a be 17/(-2) - (-2)/(-4). Let w = a - -12. Is (-2 + w)/(1/1087) composite?
False
Let k = -19 + 34. Suppose -785 = 10*f - k*f. Is f composite?
False
Suppose -4*o = o - 10, 0 = 4*u - 4*o - 4. Suppose 2*n + 158 = u*j, 6*n = 5*n - 4. Suppose b + b = j. Is b prime?
False
Suppose 5*j = -0*j. Suppose -5*g - 271 = 3*k + 533, j = 3*k + 2*g + 795. Let i = 430 + k. Is i composite?
False
Suppose 4*w - 21281 = -9*w. Is w composite?
False
Suppose -2*i = 8 - 18. Suppose 4*v - 35 = -4*m + 3*m, i*m - 5*v = 300. Is m a composite number?
True
Let g be (-6)/2 + -527 + 3. Let v = -234 - g. Is v a composite number?
False
Is (-3)/(-1) - (-13)/((-117)/(-48456)) a prime number?
True
Let m(k) = 339*k + 19. Let s be (2/6)/(-1 + (-76)/(-72)). Is m(s) a prime number?
True
Let l = 19 - 17. Let k(q) = -2*q - 3*q**3 + q**3 + 89*q**2 - 88*q**l - 4. Is k(-3) a prime number?
False
Is (9 + (-1296280)/(-24))/((-2)/(-3)) prime?
True
Let p(y) = 9*y**3 + 6*y**2 - 3*y + 5. Let t be p(-5). Let l = 1764 + t. Is l a prime number?
True
Let h = 195 + -87. Let w = h + -189. Let s = w - -344. Is s composite?
False
Let j(u) = -1 + 10*u**2 + 7 - 6 + u**3 + 3 - 21*u. Is j(-11) a prime number?
True
Let c(f) = f. Let r(a) = -24*a**2 + 12*a + 5. Let i(d) = 4*c(d) - r(d). Is i(-5) a prime number?
False
Let a(y) = y**2 + 11*y - 8. Let f be ((-24)/(-10))/(3/10). Let x = f + -1. Is a(x) composite?
True
Let h = 3477 - 1491. Suppose 0*d + h = 3*d. Suppose -14 + 39 = 5*t, 2*t - d = -4*f. Is f a prime number?
True
Let t be -6*((-1692)/8 + 0). Suppose -c + 1278 = 4*k, -t = -c + k + 4*k. Is c/10 + 2/(-5) a prime number?
True
Let z(k) = 50*k - 39. Let j be z(4). Suppose 0*u = u. Let m = j - u. Is m composite?
True
Suppose 378 + 937 = 5*c. Is c prime?
True
Let g(m) = -312*m + 329. Is g(-34) a composite number?
False
Let l(v) = -209*v - 4. Let a = 50 + -53. Is l(a) a composite number?
True
Is 1393 + (-10)/(-5) + 4 composite?
False
Let k(y) = y + 8. Let z be k(0). Let b = -26 - -37. Suppose b + z = n. Is n composite?
False
Suppose -5*c + 3349 = 2*x - 0*x, 3*x - 5027 = -4*c. Suppose 155*m - 152*m - x = 0. Is m a prime number?
False
Let w = -14 - -14. Suppose d = -w*d + 222. Suppose 3*r + 368 = q, d + 524 = 2*q + 4*r. Is q a composite number?
True
Let o(m) = 3*m**2 + m + 1. Let g be o(12). Suppose 2*v - 3*c = g, 4*v = 3*v - 4*c + 195. Suppose v = 2*z - z. Is z composite?
True
Suppose 0 = -6*i + 10*i. Let b be i + -2 + 2 + 2. Suppose 502 = b*w - 0*w. Is w composite?
False
Suppose 0 = 5*l - 3*f - 4486, 3*f + 3599 = 4*l + 4*f. Is l a prime number?
False
Let g(l) = -3*l - 13. Let j be g(-6). Suppose j*x = 4*k - 2*k - 193, -k = -3*x - 94. Suppose -2*c + k = -245. Is c composite?
True
Suppose 0 = -y - 3, 0 = -2*d + 3*y + 12834 + 697. Is d composite?
False
Suppose -d + 88 = d. Let r be (d - 1)/(9/36). Suppose -7*x + r = -3*x. Is x a prime number?
True
Let t(n) = -110*n - 79. Is t(-18) a prime number?
True
Suppose 7*k = -5535 + 70208. Is k a composite number?
False
Suppose -3*i - 20*d + 20384 = -25*d, i - 5*d = 6778. Is i prime?
True
Is (4 + 252/(-70))*(-42890)/(-4) prime?
True
Is (0 - -7) + 62603 + -55 a composite number?
True
Let d = 9 + -12. Suppose 10 = -5*l - 5*p, -3*p + 2 = -5*l - 0. Let x = l - d. Is x composite?
False
Let s = -8074 - -14163. Is s composite?
False
Suppose -u - t + 26 = 0, -46 - 76 = -4*u + 5*t. Let a = u - 26. Let n(q) = 18*q**3 + 2*q**2 + q + 1. Is n(a) prime?
False
Suppose y - 23 = -5*o, -o = 3*o - 20. Let k(d) = -48*d**3 - 2*d**2 + 2*d - 1. Is k(y) a prime number?
False
Let o = -18 - 34. Let p = o - -86. Let g = p - 12. Is g composite?
True
Let u(a) = -2*a + a + 4*a - 23. Is u(18) prime?
True
Let n = 13 + -11. Let h(t) = 15*t**2 - 4*t + 17*t**2 - 5 - 2 + n. Is h(-2) composite?
False
Let l(a) = 14*a**2 - 15*a - 50. Is l(-9) composite?
True
Suppose k - x + 910 = 3*k, -2*k + 906 = 2*x. Suppose -3*c + 2*n = 98, -5*n = -4*n - 4. Let m = k - c. Is m a composite number?
False
Suppose 4*m - 5 = -21. Is 579/2 - 6/m a composite number?
True
Let i = -9 + 1. Let w(f) = -f**3 - 12*f**2 + 9*f + 10. Let g be w(i). Is g*(4/3)/(-4) a prime number?
False
Suppose -5*b - 3*t = -145792, 4*t = 3*b - 43866 - 43615. Is b a prime number?
False
Let l(t) = -23*t. Let v(u) = -u + 1. Let n(m) = l(m) + v(m). Is n(-9) composite?
True
Suppose g = 5*g. Suppose -x - 26 - 4 = g. Is (-3 - -7) + -1 - x prime?
False
Let j = 6 - -21. Suppose 3*t = q - 3 + j, 5*q = 2*t - 16. Let g(d) = 3*d**3 - 12*d**2 + 7*d - 3. Is g(t) composite?
False
Let h(s) = -86*s**3 + 2*s**2 - 5*s + 1. Is h(-4) composite?
False
Suppose -3*q - 2*q - 3*n - 27 = 0, 2 = -2*q + n. Is (-2 - q)/((-4)/(-316)) composite?
False
Suppose 3*o - 65 + 8 = 0. Let m = o - -612. Is m a composite number?
False
Suppose -b + 1 = 3, 5*j + 3*b - 29509 = 0. Is j prime?
True
Suppose 10*p - 520152 = -69322. Is p a prime number?
True
Let z be (-2)/(-4) + (-7)/2. Let y be 4*(1 + z/(-12)). Suppose -y*o = -2*c, 4*c - o + 4*o - 52 = 0. Is c prime?
False
Let k = 9050 + -4657. Is k a composite number?
True
Let j(l) = -l**2 + 7*l - 4. Let i be j(5). Let z be i/(-4) - (-651)/14. Is 2144/18 + (-5)/z a composite number?
True
Let s(x) = 104*x**2 + 8*x + 7. Is s(4) composite?
True
Let s be (1 - -235)*(-399)/84. Let r = 2088 + s. Is r composite?
False
Suppose 5*u - 3 = 7. Suppose w - 1107 = 5*v, u*v + 4464 = 4*w - 0*v. Is w a composite number?
False
Let s(v) = 207*v**2 - 7*v + 5. Is s(-6) composit